1. What are the prime factors of a?
2, 19
Let q be (-2)/(-2) - (1 - -1). What are the prime factors of 11/(0 + 2 + q)?
11
Suppose -2*p + t = -0*p, -4*p + 5*t - 6 = 0. What are the prime factors of p - 5/((-5)/16)?
17
Suppose 5*a + m = 85, -3*a + 3*m + 41 = -28. Suppose 5*f = -o + 34, -120 = -3*o - 2*f - a. List the prime factors of o.
2, 17
Let n be (-1)/3*(-4 + -2). Suppose 2*q + 28 = 3*r - r, -5*r + n*q + 55 = 0. What are the prime factors of r?
3
List the prime factors of (67 - -1) + (4/(-4) - -2).
3, 23
Let s(t) = -t**3 + 15*t**2 + 19*t + 3. Let k be s(16). Suppose 0 = -6*a + k + 117. What are the prime factors of a?
2, 7
Suppose 2*q = 2*c + 5 + 11, -2*q - 5*c = 19. Let n be (1 - 6/q)*-1. Suppose 3*v - 3*g = 24, n - 41 = -5*v - 4*g. List the prime factors of v.
2
Let c(m) = 7*m**2 - 9*m - 6. What are the prime factors of c(6)?
2, 3
Let c = -51 - -76. What are the prime factors of c?
5
List the prime factors of 5304/36 - (-2)/3.
2, 37
Suppose -5 = -2*q + 3. Suppose -16 = -q*a - 4. Suppose -3*m - 2*v = -a*v - 1, -2*m + 5*v = 21. List the prime factors of m.
2
Let y(a) = 6*a**3 + 2*a**2 - a + 2. Let h be y(2). Suppose -69 = -5*t + h. List the prime factors of t.
5
Suppose -3*r = -6*r - 3*u + 621, -4*u = 3*r - 623. List the prime factors of r.
5, 41
Let f be 2*1 + (8 - 3). Let c be 3 + (3 - 3) + -1. Suppose f*r - c*r + 49 = 2*h, 4*r + 32 = h. List the prime factors of h.
2, 3
List the prime factors of (6/(-33) - 0) + 1564/11.
2, 71
List the prime factors of 5/(15/96) + 1.
3, 11
Let h(i) = -i**3 - 5*i**2 - 2*i - 6. Let c be h(-5). Suppose x + 0*x + c*l + 6 = 0, l = x + 21. Let g = 25 + x. List the prime factors of g.
7
Suppose -n + 1 = -11. Let i = n + -5. List the prime factors of i.
7
Suppose 3*f - 2*i = 84 - 35, 0 = 4*i - 16. Suppose -3*x + 167 = -f. Suppose 22 = -4*j + x. List the prime factors of j.
2, 5
List the prime factors of 2/(-5) + 1196/65.
2, 3
Let d be (-1 + (3 - 1))/(-1). What are the prime factors of 17 - (3 - 0)*d?
2, 5
Suppose 0 = 3*a, 7*y = 3*y - 3*a + 16. Suppose -2*c = -2*p + 28, -y*p + 8 = -3*p + 2*c. List the prime factors of p.
2, 3
What are the prime factors of 13/(112/36 - 3)?
3, 13
Suppose 6 = -2*d + 2*f, -2*d - 11 = 3*d - f. Let y be 0 - 1 - d - 3. Let k(p) = -7*p - 3. List the prime factors of k(y).
11
Let c be 0/(-1 + (1 - 1)). Let x be (-28 - 1)*(1 + c). Let a = -17 - x. What are the prime factors of a?
2, 3
Let l(h) = 117*h**2 - h. Let r be l(1). List the prime factors of (r/6)/(2/3).
29
Suppose 0 = -3*f + 5*f - 154. What are the prime factors of f?
7, 11
Let l = 103 - 58. What are the prime factors of l?
3, 5
Suppose -4*d = -3*y + 118, 0 = -y - d - d + 26. List the prime factors of y.
2, 17
Let p(a) = 2*a**2 + 6*a + 8. List the prime factors of p(5).
2, 11
Suppose 0 = 3*v - 0*v + 87. Let h = -17 - v. List the prime factors of h.
2, 3
Suppose t - 11 = -5*d, -5*t + 4 = -2*d + 3. List the prime factors of d.
2
Let m(a) = -3*a - 2. Let w be m(-2). Let y = -8 + 13. Suppose -8 = -y*i + w*i. What are the prime factors of i?
2
Suppose f - 18 - 2 = 0. Suppose -2*l + t - 2*t + f = 0, -5*l = -4*t - 76. What are the prime factors of l?
2, 3
Suppose -2*b + x = 3*b - 402, -b + 86 = -3*x. What are the prime factors of b?
2, 5
Let p = -18 + 16. Let m(g) = 9*g**2 + g + 1. List the prime factors of m(p).
5, 7
Suppose 2*f + 2*s = -s - 35, 83 = -5*f - 3*s. Let y = f + 27. Let c = 18 - y. What are the prime factors of c?
7
Let c = 6 + -4. Let w(d) = -5 + 3 + 1 + 6*d - 2. List the prime factors of w(c).
3
Let j(p) = p**3 + p**2 + p - 1. Suppose -4*q - 38 + 2 = 0. Let s(g) = -g**3 - 10*g**2 - 8*g + 10. Let y be s(q). What are the prime factors of j(y)?
2
Let u = 7 - 2. Let v be 0 - u/((-10)/16). Let f = -6 + v. What are the prime factors of f?
2
Let s(q) = q**3 + q**2 - q + 59. Let t be s(0). Suppose -4*a - 4*r + 29 + t = 0, 0 = -a + 2*r + 34. What are the prime factors of a?
2, 13
Let w(j) = 13*j - 3 - 1 - 12*j. What are the prime factors of w(6)?
2
Let y(f) = f**2 + 6*f. Suppose 5 = -4*o - 19. Let l be y(o). Let h = l - -3. List the prime factors of h.
3
Let k = 29 + -29. Let a be (-2)/5 + (-66)/(-15). Suppose -3*l = -a*r - 35 + 3, k = r + 2. List the prime factors of l.
2
Let j be (-20)/(-10)*1/2. What are the prime factors of 3 - (2*-13 + j)?
2, 7
Let v(i) = -2*i + 3. Let g = 8 + -13. What are the prime factors of v(g)?
13
Suppose -8*t + 1089 - 377 = 0. What are the prime factors of t?
89
Let x(g) = -2*g - 6. Let c be x(-4). Let q(l) = 1 + 3*l - 3*l - 4*l**2 + 2*l**c + l**3. List the prime factors of q(3).
2, 5
Let q(o) = -o**3 + 6*o**2 - 5*o - 1. Let a be q(4). Suppose 0 = 4*v - 5 - a. What are the prime factors of (v/8)/((-2)/(-36))?
3
Suppose 2*u - 4 = -l, -u + 19 = 5*l - 10. Suppose 3*s - 2*s + 3*d = -l, s + 2*d = -6. List the prime factors of s/(-9)*1*3.
2
Let t(c) = -3*c + 2. Let k be t(-10). Suppose -3*j = -j - k. List the prime factors of j.
2
Let m = -77 + 128. List the prime factors of m.
3, 17
Let z(r) = -r**2 - 3*r + 52. List the prime factors of z(0).
2, 13
Let x(q) = 2*q**3 + q**2 - 1. Let z(a) = a**2 - 12*a - 2. Let v be z(12). Let u be (2*v)/(6/(-3)). List the prime factors of x(u).
19
Let r = 27 - -7. List the prime factors of r.
2, 17
Let a be 2/4 - (-27)/(-2). Let p = a + 27. What are the prime factors of p?
2, 7
Let v = -69 - -102. What are the prime factors of v?
3, 11
Let j be (-4)/10 + 502/5. Suppose 4*v + n + n - j = 0, 0 = -5*v - 5*n + 135. List the prime factors of v.
23
Suppose 116 = 5*r - 2*t, -29 = -r - 3*t + 1. What are the prime factors of (14/(-8))/((-2)/r)?
3, 7
What are the prime factors of (166/(-4))/(1/(-2))?
83
Suppose 78 = x + 2*x. What are the prime factors of x?
2, 13
Suppose 2 + 10 = -5*w + o, 4*w = 4*o. Let n be 60/(-18)*w/2. What are the prime factors of ((0 - -2) + 1)*n?
3, 5
Let t(k) = -12*k. What are the prime factors of t(-1)?
2, 3
Let d(i) = -i + 2. Let f be d(-4). Let w = -4 + f. Suppose -3*y + 11 = -a + w*a, -5*y + 22 = -2*a. List the prime factors of y.
2
Let k(r) = -r**2 + 11*r + 16. What are the prime factors of k(10)?
2, 13
Let c(u) = -u**2 - 8*u - 1. Suppose 0 = -2*x + x. Suppose -4*b - 38 + 14 = x. What are the prime factors of c(b)?
11
Suppose -k = -4*s + 218, -3*s + k + 4*k + 172 = 0. What are the prime factors of s?
2, 3
Let r(p) = 15*p - 5. Let g be r(4). Suppose g = t + 4*t. Suppose -3*c + t = -1. List the prime factors of c.
2
Let j = 19 + -3. Suppose -y = -4*i + j, -5*y + 2*i - 14 = -3*y. Let b = y - -9. What are the prime factors of b?
5
Let u = 23 + -14. Let o = -4 + u. Let m(f) = f**3 - 3*f**2 - 6*f + 1. List the prime factors of m(o).
3, 7
Let n = 9 - 2. Let r(d) = -d - 9. Let h be r(-6). What are the prime factors of n*(h - -4) + -3?
2
What are the prime factors of (487 + 25)/((-4)/(-2))?
2
Let i be 26/(-5)*(-40)/16. Let q = i + -9. Suppose 0 = q*a + 4*d - 1 - 47, 2*a = 5*d - 11. What are the prime factors of a?
7
Suppose -15*z + 207 = -12*z. List the prime factors of z.
3, 23
Let l = 3 - 1. Suppose 0 = s - 1 + l. List the prime factors of s - -3 - (-10 + 2).
2, 5
What are the prime factors of 152/6*9/6?
2, 19
Suppose 5*h - 823 = -2*s, 147 + 187 = 2*h - 4*s. List the prime factors of h.
3, 5, 11
Suppose -5*a + 1 = -3*p + p, -6 = -5*p + 4*a. Suppose 5*n = p*f - 0*f - 16, 0 = -4*f - 4*n + 88. List the prime factors of f.
2, 3
Let a be 1/(((-2)/8)/(-1)). Suppose -26 = a*q - 5*q. Suppose 4*k + k - z - q = 0, -5*z = -4*k + 25. What are the prime factors of k?
5
Suppose v - 6*v = -15. Suppose c - 3 - v = 0. What are the prime factors of c?
2, 3
Suppose 0 = x - 110 + 7. What are the prime factors of x?
103
List the prime factors of 1780/12 - (12/(-9))/(-4).
2, 37
Let r be 4 + -2 - (1 + -1). Suppose r*t = -2*t. What are the prime factors of t/(-1) + -2 + 6?
2
Let n = 76 + -18. Suppose 0 = -3*c - 0*c - 114. Let q = c + n. List the prime factors of q.
2, 5
Let h be 3/(-2)*8/(-6). Let v = h - 0. Suppose 0 = v*j - 5*r + 10, 0*j - r = -j + 1. List the prime factors of j.
5
Let t be (-1)/((-3)/(24 - 3)). Let q = t + -3. Let n(m) = 4*m + 5. List the prime factors of n(q).
3, 7
Let a(n) = -25*n**3 - n**2 - 2*n - 1. Let l be a(-1). Suppose 0*b - b + l = 0. What are the prime factors of b?
5
Suppose 6*g = g. Let f = -1 + g. What are the prime factors of 23*(-2 + f + 4)?
23
Sup